at is the greatest common divisor of u and 50?
50
Suppose 0*q = 3*q - 4*m - 17, -2*q + 2 = 2*m. Suppose 0 = w - 2*h - q*h + 6, -w - 3*h = -18. What is the greatest common divisor of 45 and w?
9
Let h = 11 - 8. Suppose -2*x = -h*x + 4. Let y = -5 + 7. Calculate the greatest common divisor of x and y.
2
Suppose 0 = -3*f + 195 - 51. Suppose 0 = -2*y - 0*y + f. Calculate the greatest common factor of 8 and y.
8
Suppose -i = -t - 2*t - 7, 3*i - 1 = 5*t. Let x be (-8)/(-64) + (-63)/i. What is the highest common divisor of 88 and x?
8
Let v be (-11)/(-2*(-3)/(-54)). What is the greatest common factor of 9 and v?
9
Let a = 6 - 6. Suppose 2*y + 3*d + a*d = 59, d + 39 = 2*y. Suppose 0 = 3*o - 2*w - y, -5*o + 5*w + 38 - 3 = 0. What is the greatest common divisor of o and 20?
4
Let m = -7 + 14. Calculate the highest common divisor of m and 35.
7
Let w be (-1 + -49)*(-12)/15. Calculate the highest common divisor of 5 and w.
5
Suppose -2*x - 15 = -5*x. Let q be ((-10)/(-3))/(4/6). What is the greatest common factor of x and q?
5
Let z(q) = q**2 - 11*q - 8. Let y be z(12). Calculate the greatest common divisor of 76 and y.
4
Let b be -1*(1 - -6)*-9. Calculate the highest common factor of 42 and b.
21
Let c be 297/(-12)*(-16)/4. Calculate the greatest common divisor of c and 11.
11
Suppose 11*r - 80 = 6*r. Let f(p) = 3*p**2 - 5*p. Let d be f(7). Calculate the highest common divisor of d and r.
16
Let d = 5 + -10. Let n be (d/(-2))/(4/8). Suppose -7 + 42 = n*i. What is the greatest common factor of i and 7?
7
Let z(a) = a**3 + 9*a**2 + 5*a. Let o = -15 - -7. Let m be z(o). Calculate the highest common factor of m and 16.
8
Let h(p) = p**2 + 4*p - 8. Let w be h(-6). Let q(d) = d + 8. Let b be q(0). What is the highest common divisor of w and b?
4
Suppose -3*u = 2*d - 14, -3*u - 2*u - 2*d + 18 = 0. What is the highest common divisor of u and 18?
2
Suppose 0 = 2*s + 2*s - 256. Let k = 50 + -34. What is the highest common factor of k and s?
16
Let h(m) = m**3 + 7*m**2 + 5*m - 4. Let d be h(-5). Suppose -8*w = -5*w - 21. What is the highest common factor of w and d?
7
Let b = 2 + 2. Let a = 0 - -2. Suppose 5*m - w - 14 = a*w, -w - 10 = -3*m. What is the greatest common factor of m and b?
4
Let v be ((-2156)/(-12))/1*(-3)/(-1). Calculate the greatest common divisor of v and 49.
49
Suppose -2*d - 2*z - z = 65, -22 = d + 5*z. Let v = d + 54. Suppose -y - 3*o + 66 = -0*y, 0 = 2*y - 2*o - 92. Calculate the greatest common factor of y and v.
17
Let i(f) = -43*f + 5. Let a be i(-5). Suppose v + 1 = 23. What is the greatest common factor of a and v?
22
Suppose i + 5*r = -21, -15 = -5*i - 3*r + 2*r. Let h = -8 - -13. Suppose 4*s - 29 = h*t + 6, 0 = i*s - t - 23. Calculate the greatest common factor of s and 55.
5
Let g be 27 + (4 - 2) + -5. Calculate the greatest common factor of g and 12.
12
Suppose 3*q = 5*q + g - 28, 3*q - 5*g - 42 = 0. Let j(u) = 14*u + 4. Let f be j(4). Suppose -z = -38 - f. What is the highest common divisor of z and q?
14
Let u(h) = -h**3 - h**2 + 4*h + 9. Let n be u(-6). Suppose 2*t - 31 + 7 = -2*c, -t - 78 = -5*c. Calculate the highest common factor of c and n.
15
Suppose 4*c = c + 81. Calculate the highest common factor of c and 216.
27
Let c(r) = -r - 4. Let y be 4*(-1)/(-2)*-4. Let g be c(y). Calculate the greatest common factor of g and 4.
4
Let u be (-3)/(-2)*(-2 + 4). Suppose 5*h + 0*d + 3*d - 42 = 0, 3*d = 3*h - 30. Calculate the highest common divisor of h and u.
3
Suppose 4*t = 2*t + 10. Suppose -3*m = -4*h - 5*m + 178, 0 = t*h - 4*m - 216. Calculate the highest common factor of h and 4.
4
Suppose 3*o = -3*u + 213, -u + 97 = 3*o - 126. Suppose -68 = -3*i + o. What is the highest common divisor of 8 and i?
8
Let p(g) = g**2 + 8*g - 6. Let a be p(-9). Suppose -4*z - 2 = -5*q, -2*q + a*q - 8 = -3*z. Calculate the greatest common divisor of 5 and z.
1
Suppose -2*b = -13 - 11. What is the highest common divisor of b and 132?
12
Let n = -1 + 4. Suppose 7 = -n*j + 34. Calculate the greatest common divisor of 3 and j.
3
Suppose 44*h - 49*h = -100. Let m be -2*9 - (-1 + 1). Let t be (-3956)/m + 4/18. What is the greatest common divisor of t and h?
20
Suppose -5*g - 5*a = -130, -2*a - 16 - 4 = -g. Calculate the highest common divisor of g and 8.
8
Suppose -2*z + 0 = -4. Suppose -2*a - 4*h = 2*a - 36, -5*h = 20. Suppose -2*n - 14 = -k - 4*k, k + 3*n - a = 0. What is the greatest common divisor of k and z?
2
Let h(i) = -7*i + 3. Let q be h(-2). What is the greatest common divisor of q and 17?
17
Let k(r) = -r**3 + 9*r**2 - 4*r - 12. Let j be k(6). Calculate the highest common factor of 108 and j.
36
Let x = 97 - 67. What is the highest common factor of x and 5?
5
Suppose -21 = -4*w - 13. Calculate the greatest common factor of w and 2.
2
Let s(o) be the second derivative of o**4/12 - 5*o**3/6 + o**2 + 3*o. Let z be s(6). What is the greatest common divisor of 24 and z?
8
Let c(o) = 3*o**2 - 3*o + 1. Let y be c(-5). Calculate the greatest common factor of 13 and y.
13
Let b(u) = -7*u**3 + u**2 - u - 1. Let w be b(-1). Let i(d) = -3*d + 16. Let v be i(4). What is the highest common divisor of v and w?
4
Let h(o) = 0*o - o - o**2 + 12*o**3 + 2*o. Let b be h(1). What is the highest common factor of b and 84?
12
Let k(g) = g + 6. Let v be k(-6). Suppose -f = -v*t + 2*t - 5, -4*f - 5*t = -17. Let c = 39 - f. What is the greatest common divisor of 12 and c?
12
Let v be (-6258)/(-49) - (-2)/7. Suppose -v = -5*o - 4*g + 2*g, 4*g = 4*o - 80. Calculate the highest common factor of 6 and o.
6
Let l = 29 + 7. What is the highest common divisor of 144 and l?
36
Suppose -173 = -5*c + 7. What is the greatest common divisor of c and 24?
12
Let a be 40/(-18) - (-6)/27. Let b be a*1*-3 + 1. Let z be 2/1 + 2 + -5 - -22. Calculate the greatest common factor of b and z.
7
Let w = 705 - 485. Let y = 372 - w. What is the highest common divisor of y and 19?
19
Suppose 3*v - 2*v = s - 108, 0 = -s - v + 116. Calculate the greatest common factor of s and 16.
16
Let s(r) = -r**3 + 7*r**2 + 7*r + 7. Let i be s(8). Let o be -1 + -1*(0 - i). Let l be (-1)/o + 92/8. Calculate the greatest common factor of l and 12.
12
Let h = 187 - 127. Suppose -4 = -4*w + 2*q, 3*w - 5*q = -3*q + 4. Let n be (2 - w) + 9 - -1. Calculate the highest common divisor of h and n.
12
Suppose 4*z + 15 = 23. Let a be (154/3)/((-1)/(-6)). Suppose -a = -6*r + z*r. What is the highest common divisor of r and 11?
11
Suppose -2*j - 5*u = -19, 3*j - 12 = -4*u + 6. Let r(o) = j*o + 4 - 4 + 0*o - o**2 + 4. Let l be r(3). Calculate the highest common divisor of 9 and l.
1
Let s(a) = a**2. Let l be s(0). Suppose 5*t - 2*r + l*r - 575 = 0, -4*t - 4*r = -488. Calculate the greatest common divisor of 13 and t.
13
Suppose 0 = -9*d - 0*d + 63. Calculate the greatest common factor of d and 1.
1
Let q(g) = -25*g - 1. Let y be q(1). Let p be y/1*1/(-2). Suppose -l - 2*c + 9 = 0, -3*l - c + 19 + 18 = 0. What is the greatest common divisor of p and l?
13
Suppose -l - l + 4 = 0. Let f be (-38)/(-4) + 1/(-2). Let j = -6 + f. Calculate the greatest common factor of l and j.
1
Let p = -69 - -71. What is the greatest common factor of p and 44?
2
Let b be 4/6 - 7/(-21). Calculate the highest common factor of 8 and b.
1
Let c = -28 - -31. What is the highest common divisor of 3 and c?
3
Let s = 1 + 3. What is the greatest common divisor of 36 and s?
4
Suppose -55 = 4*r - 9*r. Suppose 2*j - 3*j = -1, k - r = -2*j. Suppose 0*p + 3*m = 4*p - 19, -m = 5. Calculate the greatest common divisor of k and p.
1
Let o = 63 - 43. Suppose 0 = 4*n - 0*y + 3*y - 28, 5*y + 50 = 3*n. Calculate the greatest common divisor of n and o.
10
Let a(j) = -j - 5. Let r be a(-5). Suppose -b = -6*b + 200. Let g be b + r + -3 + 3. What is the highest common factor of 100 and g?
20
Suppose 2*x + 22 = 4*c, 2*c + 8 = -4*x - 2*c. Let a = x + 11. What is the highest common divisor of a and 54?
6
Suppose -9*k + 60 + 12 = 0. Calculate the highest common divisor of 24 and k.
8
Let a(m) = -m**3 + 22*m**2 - 17*m - 24. Let j be a(21). What is the highest common divisor of j and 45?
15
Suppose -5*v + 6 = -4*v. Calculate the greatest common divisor of v and 18.
6
Suppose 4*o - 1 - 11 = 0. Let x be 2*o/(-6) - -1. Suppose -3*v + 241 = -x*v - d, -2 = -d. Calculate the highes